{"id":2594,"date":"2021-03-28T15:29:11","date_gmt":"2021-03-28T13:29:11","guid":{"rendered":"https:\/\/le-temps-dune-rando.fr\/?page_id=2594"},"modified":"2021-03-28T15:29:11","modified_gmt":"2021-03-28T13:29:11","slug":"accueil-le-temps-dune-rando","status":"publish","type":"page","link":"https:\/\/le-temps-dune-rando.fr\/index.php\/accueil-le-temps-dune-rando\/","title":{"rendered":"Accueil le temps d&rsquo;une rando"},"content":{"rendered":"\n<figure class=\"wp-block-image alignfull size-large\"><img fetchpriority=\"high\" decoding=\"async\" width=\"1024\" height=\"450\" src=\"https:\/\/le-temps-dune-rando.fr\/wp-content\/uploads\/2021\/02\/autrans-la-sure-raquettes-1024x450-1.jpg\" alt=\"Rando raquettes, vue depuis la Sure\" class=\"wp-image-2519\" srcset=\"https:\/\/le-temps-dune-rando.fr\/wp-content\/uploads\/2021\/02\/autrans-la-sure-raquettes-1024x450-1.jpg 1024w, https:\/\/le-temps-dune-rando.fr\/wp-content\/uploads\/2021\/02\/autrans-la-sure-raquettes-1024x450-1-300x132.jpg 300w, https:\/\/le-temps-dune-rando.fr\/wp-content\/uploads\/2021\/02\/autrans-la-sure-raquettes-1024x450-1-768x338.jpg 768w\" sizes=\"(max-width: 1024px) 100vw, 1024px\" \/><\/figure>\n","protected":false},"excerpt":{"rendered":"","protected":false},"author":1,"featured_media":0,"parent":0,"menu_order":0,"comment_status":"closed","ping_status":"closed","template":"","meta":{"_mo_disable_npp":"","advgb_blocks_editor_width":"","advgb_blocks_columns_visual_guide":"","site-sidebar-layout":"default","site-content-layout":"default","ast-site-content-layout":"default","site-content-style":"default","site-sidebar-style":"default","ast-global-header-display":"","ast-banner-title-visibility":"","ast-main-header-display":"","ast-hfb-above-header-display":"","ast-hfb-below-header-display":"","ast-hfb-mobile-header-display":"","site-post-title":"disabled","ast-breadcrumbs-content":"","ast-featured-img":"","footer-sml-layout":"","ast-disable-related-posts":"","theme-transparent-header-meta":"default","adv-header-id-meta":"","stick-header-meta":"","header-above-stick-meta":"","header-main-stick-meta":"","header-below-stick-meta":"","astra-migrate-meta-layouts":"default","ast-page-background-enabled":"default","ast-page-background-meta":{"desktop":{"background-color":"","background-image":"","background-repeat":"repeat","background-position":"center center","background-size":"auto","background-attachment":"scroll","background-type":"","background-media":"","overlay-type":"","overlay-color":"","overlay-opacity":"","overlay-gradient":""},"tablet":{"background-color":"","background-image":"","background-repeat":"repeat","background-position":"center center","background-size":"auto","background-attachment":"scroll","background-type":"","background-media":"","overlay-type":"","overlay-color":"","overlay-opacity":"","overlay-gradient":""},"mobile":{"background-color":"","background-image":"","background-repeat":"repeat","background-position":"center center","background-size":"auto","background-attachment":"scroll","background-type":"","background-media":"","overlay-type":"","overlay-color":"","overlay-opacity":"","overlay-gradient":""}},"ast-content-background-meta":{"desktop":{"background-color":"var(--ast-global-color-5)","background-image":"","background-repeat":"repeat","background-position":"center center","background-size":"auto","background-attachment":"scroll","background-type":"","background-media":"","overlay-type":"","overlay-color":"","overlay-opacity":"","overlay-gradient":""},"tablet":{"background-color":"var(--ast-global-color-5)","background-image":"","background-repeat":"repeat","background-position":"center center","background-size":"auto","background-attachment":"scroll","background-type":"","background-media":"","overlay-type":"","overlay-color":"","overlay-opacity":"","overlay-gradient":""},"mobile":{"background-color":"var(--ast-global-color-5)","background-image":"","background-repeat":"repeat","background-position":"center center","background-size":"auto","background-attachment":"scroll","background-type":"","background-media":"","overlay-type":"","overlay-color":"","overlay-opacity":"","overlay-gradient":""}},"footnotes":""},"class_list":["post-2594","page","type-page","status-publish","hentry"],"yoast_head":"<!-- This site is optimized with the Yoast SEO plugin v26.7 - https:\/\/yoast.com\/wordpress\/plugins\/seo\/ -->\n<title>Accueil le temps d&#039;une rando - Le temps d&#039;une rando<\/title>\n<meta name=\"robots\" content=\"index, follow, max-snippet:-1, max-image-preview:large, max-video-preview:-1\" \/>\n<link rel=\"canonical\" href=\"https:\/\/le-temps-dune-rando.fr\/index.php\/accueil-le-temps-dune-rando\/\" \/>\n<meta property=\"og:locale\" content=\"fr_FR\" \/>\n<meta property=\"og:type\" content=\"article\" \/>\n<meta property=\"og:title\" content=\"Accueil le temps d&#039;une rando - Le temps d&#039;une rando\" \/>\n<meta property=\"og:url\" content=\"https:\/\/le-temps-dune-rando.fr\/index.php\/accueil-le-temps-dune-rando\/\" \/>\n<meta property=\"og:site_name\" content=\"Le temps d&#039;une rando\" \/>\n<meta property=\"og:image\" content=\"https:\/\/le-temps-dune-rando.fr\/wp-content\/uploads\/2021\/02\/autrans-la-sure-raquettes-1024x450-1.jpg\" \/>\n<meta name=\"twitter:card\" content=\"summary_large_image\" \/>\n<meta name=\"twitter:label1\" content=\"Dur\u00e9e de lecture estim\u00e9e\" \/>\n\t<meta name=\"twitter:data1\" content=\"1 minute\" \/>\n<script type=\"application\/ld+json\" class=\"yoast-schema-graph\">{\"@context\":\"https:\/\/schema.org\",\"@graph\":[{\"@type\":\"WebPage\",\"@id\":\"https:\/\/le-temps-dune-rando.fr\/index.php\/accueil-le-temps-dune-rando\/\",\"url\":\"https:\/\/le-temps-dune-rando.fr\/index.php\/accueil-le-temps-dune-rando\/\",\"name\":\"Accueil le temps d'une rando - Le temps d&#039;une rando\",\"isPartOf\":{\"@id\":\"https:\/\/le-temps-dune-rando.fr\/#website\"},\"primaryImageOfPage\":{\"@id\":\"https:\/\/le-temps-dune-rando.fr\/index.php\/accueil-le-temps-dune-rando\/#primaryimage\"},\"image\":{\"@id\":\"https:\/\/le-temps-dune-rando.fr\/index.php\/accueil-le-temps-dune-rando\/#primaryimage\"},\"thumbnailUrl\":\"https:\/\/le-temps-dune-rando.fr\/wp-content\/uploads\/2021\/02\/autrans-la-sure-raquettes-1024x450-1.jpg\",\"datePublished\":\"2021-03-28T13:29:11+00:00\",\"breadcrumb\":{\"@id\":\"https:\/\/le-temps-dune-rando.fr\/index.php\/accueil-le-temps-dune-rando\/#breadcrumb\"},\"inLanguage\":\"fr-FR\",\"potentialAction\":[{\"@type\":\"ReadAction\",\"target\":[\"https:\/\/le-temps-dune-rando.fr\/index.php\/accueil-le-temps-dune-rando\/\"]}]},{\"@type\":\"ImageObject\",\"inLanguage\":\"fr-FR\",\"@id\":\"https:\/\/le-temps-dune-rando.fr\/index.php\/accueil-le-temps-dune-rando\/#primaryimage\",\"url\":\"https:\/\/le-temps-dune-rando.fr\/wp-content\/uploads\/2021\/02\/autrans-la-sure-raquettes-1024x450-1.jpg\",\"contentUrl\":\"https:\/\/le-temps-dune-rando.fr\/wp-content\/uploads\/2021\/02\/autrans-la-sure-raquettes-1024x450-1.jpg\",\"width\":1024,\"height\":450,\"caption\":\"Rando raquettes, vue depuis la Sure\"},{\"@type\":\"BreadcrumbList\",\"@id\":\"https:\/\/le-temps-dune-rando.fr\/index.php\/accueil-le-temps-dune-rando\/#breadcrumb\",\"itemListElement\":[{\"@type\":\"ListItem\",\"position\":1,\"name\":\"Accueil\",\"item\":\"https:\/\/le-temps-dune-rando.fr\/\"},{\"@type\":\"ListItem\",\"position\":2,\"name\":\"Accueil le temps d&rsquo;une rando\"}]},{\"@type\":\"WebSite\",\"@id\":\"https:\/\/le-temps-dune-rando.fr\/#website\",\"url\":\"https:\/\/le-temps-dune-rando.fr\/\",\"name\":\"Le temps d&#039;une rando\",\"description\":\"Des randonn\u00e9es nature dans le Vercors, pour une journ\u00e9e ou un week-end\",\"publisher\":{\"@id\":\"https:\/\/le-temps-dune-rando.fr\/#organization\"},\"potentialAction\":[{\"@type\":\"SearchAction\",\"target\":{\"@type\":\"EntryPoint\",\"urlTemplate\":\"https:\/\/le-temps-dune-rando.fr\/?s={search_term_string}\"},\"query-input\":{\"@type\":\"PropertyValueSpecification\",\"valueRequired\":true,\"valueName\":\"search_term_string\"}}],\"inLanguage\":\"fr-FR\"},{\"@type\":\"Organization\",\"@id\":\"https:\/\/le-temps-dune-rando.fr\/#organization\",\"name\":\"Le temps d&#039;une rando\",\"url\":\"https:\/\/le-temps-dune-rando.fr\/\",\"logo\":{\"@type\":\"ImageObject\",\"inLanguage\":\"fr-FR\",\"@id\":\"https:\/\/le-temps-dune-rando.fr\/#\/schema\/logo\/image\/\",\"url\":\"https:\/\/le-temps-dune-rando.fr\/wp-content\/uploads\/2020\/06\/cropped-Temps_dune_rando.png\",\"contentUrl\":\"https:\/\/le-temps-dune-rando.fr\/wp-content\/uploads\/2020\/06\/cropped-Temps_dune_rando.png\",\"width\":496,\"height\":117,\"caption\":\"Le temps d&#039;une rando\"},\"image\":{\"@id\":\"https:\/\/le-temps-dune-rando.fr\/#\/schema\/logo\/image\/\"}}]}<\/script>\n<!-- \/ Yoast SEO plugin. -->","yoast_head_json":{"title":"Accueil le temps d'une rando - Le temps d&#039;une rando","robots":{"index":"index","follow":"follow","max-snippet":"max-snippet:-1","max-image-preview":"max-image-preview:large","max-video-preview":"max-video-preview:-1"},"canonical":"https:\/\/le-temps-dune-rando.fr\/index.php\/accueil-le-temps-dune-rando\/","og_locale":"fr_FR","og_type":"article","og_title":"Accueil le temps d'une rando - Le temps d&#039;une rando","og_url":"https:\/\/le-temps-dune-rando.fr\/index.php\/accueil-le-temps-dune-rando\/","og_site_name":"Le temps d&#039;une rando","og_image":[{"url":"https:\/\/le-temps-dune-rando.fr\/wp-content\/uploads\/2021\/02\/autrans-la-sure-raquettes-1024x450-1.jpg","type":"","width":"","height":""}],"twitter_card":"summary_large_image","twitter_misc":{"Dur\u00e9e de lecture estim\u00e9e":"1 minute"},"schema":{"@context":"https:\/\/schema.org","@graph":[{"@type":"WebPage","@id":"https:\/\/le-temps-dune-rando.fr\/index.php\/accueil-le-temps-dune-rando\/","url":"https:\/\/le-temps-dune-rando.fr\/index.php\/accueil-le-temps-dune-rando\/","name":"Accueil le temps d'une rando - Le temps d&#039;une rando","isPartOf":{"@id":"https:\/\/le-temps-dune-rando.fr\/#website"},"primaryImageOfPage":{"@id":"https:\/\/le-temps-dune-rando.fr\/index.php\/accueil-le-temps-dune-rando\/#primaryimage"},"image":{"@id":"https:\/\/le-temps-dune-rando.fr\/index.php\/accueil-le-temps-dune-rando\/#primaryimage"},"thumbnailUrl":"https:\/\/le-temps-dune-rando.fr\/wp-content\/uploads\/2021\/02\/autrans-la-sure-raquettes-1024x450-1.jpg","datePublished":"2021-03-28T13:29:11+00:00","breadcrumb":{"@id":"https:\/\/le-temps-dune-rando.fr\/index.php\/accueil-le-temps-dune-rando\/#breadcrumb"},"inLanguage":"fr-FR","potentialAction":[{"@type":"ReadAction","target":["https:\/\/le-temps-dune-rando.fr\/index.php\/accueil-le-temps-dune-rando\/"]}]},{"@type":"ImageObject","inLanguage":"fr-FR","@id":"https:\/\/le-temps-dune-rando.fr\/index.php\/accueil-le-temps-dune-rando\/#primaryimage","url":"https:\/\/le-temps-dune-rando.fr\/wp-content\/uploads\/2021\/02\/autrans-la-sure-raquettes-1024x450-1.jpg","contentUrl":"https:\/\/le-temps-dune-rando.fr\/wp-content\/uploads\/2021\/02\/autrans-la-sure-raquettes-1024x450-1.jpg","width":1024,"height":450,"caption":"Rando raquettes, vue depuis la Sure"},{"@type":"BreadcrumbList","@id":"https:\/\/le-temps-dune-rando.fr\/index.php\/accueil-le-temps-dune-rando\/#breadcrumb","itemListElement":[{"@type":"ListItem","position":1,"name":"Accueil","item":"https:\/\/le-temps-dune-rando.fr\/"},{"@type":"ListItem","position":2,"name":"Accueil le temps d&rsquo;une rando"}]},{"@type":"WebSite","@id":"https:\/\/le-temps-dune-rando.fr\/#website","url":"https:\/\/le-temps-dune-rando.fr\/","name":"Le temps d&#039;une rando","description":"Des randonn\u00e9es nature dans le Vercors, pour une journ\u00e9e ou un week-end","publisher":{"@id":"https:\/\/le-temps-dune-rando.fr\/#organization"},"potentialAction":[{"@type":"SearchAction","target":{"@type":"EntryPoint","urlTemplate":"https:\/\/le-temps-dune-rando.fr\/?s={search_term_string}"},"query-input":{"@type":"PropertyValueSpecification","valueRequired":true,"valueName":"search_term_string"}}],"inLanguage":"fr-FR"},{"@type":"Organization","@id":"https:\/\/le-temps-dune-rando.fr\/#organization","name":"Le temps d&#039;une rando","url":"https:\/\/le-temps-dune-rando.fr\/","logo":{"@type":"ImageObject","inLanguage":"fr-FR","@id":"https:\/\/le-temps-dune-rando.fr\/#\/schema\/logo\/image\/","url":"https:\/\/le-temps-dune-rando.fr\/wp-content\/uploads\/2020\/06\/cropped-Temps_dune_rando.png","contentUrl":"https:\/\/le-temps-dune-rando.fr\/wp-content\/uploads\/2020\/06\/cropped-Temps_dune_rando.png","width":496,"height":117,"caption":"Le temps d&#039;une rando"},"image":{"@id":"https:\/\/le-temps-dune-rando.fr\/#\/schema\/logo\/image\/"}}]}},"coauthors":[],"author_meta":{"author_link":"https:\/\/le-temps-dune-rando.fr\/index.php\/author\/letempsanlu69007\/","display_name":"Anne &amp; Romain"},"relative_dates":{"created":"Publi\u00e9 5 ans il y a","modified":"Mis \u00e0 jour 5 ans il y a"},"absolute_dates":{"created":"Publi\u00e9 le 28 mars 2021","modified":"Mise \u00e0 jour le 28 mars 2021"},"absolute_dates_time":{"created":"Publi\u00e9 le 28 mars 2021 15 h 29 min","modified":"Mise \u00e0 jour le 28 mars 2021 15 h 29 min"},"featured_img_caption":"","featured_img":false,"series_order":"","_links":{"self":[{"href":"https:\/\/le-temps-dune-rando.fr\/index.php\/wp-json\/wp\/v2\/pages\/2594","targetHints":{"allow":["GET"]}}],"collection":[{"href":"https:\/\/le-temps-dune-rando.fr\/index.php\/wp-json\/wp\/v2\/pages"}],"about":[{"href":"https:\/\/le-temps-dune-rando.fr\/index.php\/wp-json\/wp\/v2\/types\/page"}],"author":[{"embeddable":true,"href":"https:\/\/le-temps-dune-rando.fr\/index.php\/wp-json\/wp\/v2\/users\/1"}],"replies":[{"embeddable":true,"href":"https:\/\/le-temps-dune-rando.fr\/index.php\/wp-json\/wp\/v2\/comments?post=2594"}],"version-history":[{"count":6,"href":"https:\/\/le-temps-dune-rando.fr\/index.php\/wp-json\/wp\/v2\/pages\/2594\/revisions"}],"predecessor-version":[{"id":2600,"href":"https:\/\/le-temps-dune-rando.fr\/index.php\/wp-json\/wp\/v2\/pages\/2594\/revisions\/2600"}],"wp:attachment":[{"href":"https:\/\/le-temps-dune-rando.fr\/index.php\/wp-json\/wp\/v2\/media?parent=2594"}],"curies":[{"name":"wp","href":"https:\/\/api.w.org\/{rel}","templated":true}]}}

<!-- This site is optimized with the Yoast SEO plugin v26.7 - https://yoast.com/wordpress/plugins/seo/ -->
<title>Accueil le temps d&#039;une rando - Le temps d&#039;une rando</title>
<meta name="robots" content="index, follow, max-snippet:-1, max-image-preview:large, max-video-preview:-1" />
<link rel="canonical" href="https://le-temps-dune-rando.fr/index.php/accueil-le-temps-dune-rando/" />
<meta property="og:locale" content="fr_FR" />
<meta property="og:type" content="article" />
<meta property="og:title" content="Accueil le temps d&#039;une rando - Le temps d&#039;une rando" />
<meta property="og:url" content="https://le-temps-dune-rando.fr/index.php/accueil-le-temps-dune-rando/" />
<meta property="og:site_name" content="Le temps d&#039;une rando" />
<meta property="og:image" content="https://le-temps-dune-rando.fr/wp-content/uploads/2021/02/autrans-la-sure-raquettes-1024x450-1.jpg" />
<meta name="twitter:card" content="summary_large_image" />
<meta name="twitter:label1" content="Durée de lecture estimée" />
	<meta name="twitter:data1" content="1 minute" />
<script type="application/ld+json" class="yoast-schema-graph">{"@context":"https://schema.org","@graph":[{"@type":"WebPage","@id":"https://le-temps-dune-rando.fr/index.php/accueil-le-temps-dune-rando/","url":"https://le-temps-dune-rando.fr/index.php/accueil-le-temps-dune-rando/","name":"Accueil le temps d'une rando - Le temps d&#039;une rando","isPartOf":{"@id":"https://le-temps-dune-rando.fr/#website"},"primaryImageOfPage":{"@id":"https://le-temps-dune-rando.fr/index.php/accueil-le-temps-dune-rando/#primaryimage"},"image":{"@id":"https://le-temps-dune-rando.fr/index.php/accueil-le-temps-dune-rando/#primaryimage"},"thumbnailUrl":"https://le-temps-dune-rando.fr/wp-content/uploads/2021/02/autrans-la-sure-raquettes-1024x450-1.jpg","datePublished":"2021-03-28T13:29:11+00:00","breadcrumb":{"@id":"https://le-temps-dune-rando.fr/index.php/accueil-le-temps-dune-rando/#breadcrumb"},"inLanguage":"fr-FR","potentialAction":[{"@type":"ReadAction","target":["https://le-temps-dune-rando.fr/index.php/accueil-le-temps-dune-rando/"]}]},{"@type":"ImageObject","inLanguage":"fr-FR","@id":"https://le-temps-dune-rando.fr/index.php/accueil-le-temps-dune-rando/#primaryimage","url":"https://le-temps-dune-rando.fr/wp-content/uploads/2021/02/autrans-la-sure-raquettes-1024x450-1.jpg","contentUrl":"https://le-temps-dune-rando.fr/wp-content/uploads/2021/02/autrans-la-sure-raquettes-1024x450-1.jpg","width":1024,"height":450,"caption":"Rando raquettes, vue depuis la Sure"},{"@type":"BreadcrumbList","@id":"https://le-temps-dune-rando.fr/index.php/accueil-le-temps-dune-rando/#breadcrumb","itemListElement":[{"@type":"ListItem","position":1,"name":"Accueil","item":"https://le-temps-dune-rando.fr/"},{"@type":"ListItem","position":2,"name":"Accueil le temps d&rsquo;une rando"}]},{"@type":"WebSite","@id":"https://le-temps-dune-rando.fr/#website","url":"https://le-temps-dune-rando.fr/","name":"Le temps d&#039;une rando","description":"Des randonnées nature dans le Vercors, pour une journée ou un week-end","publisher":{"@id":"https://le-temps-dune-rando.fr/#organization"},"potentialAction":[{"@type":"SearchAction","target":{"@type":"EntryPoint","urlTemplate":"https://le-temps-dune-rando.fr/?s={search_term_string}"},"query-input":{"@type":"PropertyValueSpecification","valueRequired":true,"valueName":"search_term_string"}}],"inLanguage":"fr-FR"},{"@type":"Organization","@id":"https://le-temps-dune-rando.fr/#organization","name":"Le temps d&#039;une rando","url":"https://le-temps-dune-rando.fr/","logo":{"@type":"ImageObject","inLanguage":"fr-FR","@id":"https://le-temps-dune-rando.fr/#/schema/logo/image/","url":"https://le-temps-dune-rando.fr/wp-content/uploads/2020/06/cropped-Temps_dune_rando.png","contentUrl":"https://le-temps-dune-rando.fr/wp-content/uploads/2020/06/cropped-Temps_dune_rando.png","width":496,"height":117,"caption":"Le temps d&#039;une rando"},"image":{"@id":"https://le-temps-dune-rando.fr/#/schema/logo/image/"}}]}</script>
<!-- / Yoast SEO plugin. -->

Des randonnées nature dans le Vercors, pour une journée ou un week-end

Publié 5 ans il y a

Mis à jour 5 ans il y a

Publié le 28 mars 2021

Mise à jour le 28 mars 2021

Publié le 28 mars 2021 15 h 29 min

Mise à jour le 28 mars 2021 15 h 29 min
